 - (-8 - -7))?
8
What is (-3 + -1 - -1) + -2?
-5
What is -6 + 1 + (-2 + 6 - 3)?
-4
What is the value of 8 + -1 + (2 - 8) + 4?
5
Calculate 3 + -5 + -6 - -4.
-4
What is 1 + -5 + -12 + 20?
4
Evaluate 1 - -2 - 2 - (-68 + 65).
4
(-4 - (-4 + -3)) + -4 + 4
3
(4 - 0) + 0 + (-4 - -3)
3
What is 8 + -5 + -1 - 0?
2
Calculate 26 - 24 - 13 - (-7 + 0).
-4
1 + (-1 - -2 - (-16 - -12))
6
Calculate 2 + -1 + 3 - 7.
-3
-3 + -4 + (4 - 3 - -4)
-2
What is the value of (-1 - 0 - 3) + 3?
-1
Evaluate -18 + 6 - (-2 + -5).
-5
What is 8 + (0 + -4 - -3) + -2?
5
What is 4 - (11 - (-10 - -18))?
1
Evaluate 5 + -1 + (2 - 3) + -2.
1
What is the value of (-4 - (-3 + 3)) + 2?
-2
Calculate 10 + -4 + -13 - -14.
7
Evaluate -17 - -12 - (-1 - 2).
-2
Calculate 8 - (-1 + 4 - 0).
5
Evaluate -13 + -1 - (2 - 10).
-6
2 + -8 + 2 + 1 + 6
3
What is (-1 + -2 + 2 - -2) + 4?
5
What is the value of 6 + -9 + (-2 - -5 - -2)?
2
(-2 - 1) + (1 + 2 - 1)
-1
2 + -1 - (-1 - (3 + -5))
0
What is the value of 3 - ((1 - 4) + 2 + 2)?
2
(3 + -4 - 3) + 1
-3
Evaluate 3 - (3 - (-4 - -1)).
-3
(1 - (-1 - (2 - 2))) + -3
-1
Evaluate 7 + -5 + (-1 - (1 + -5)).
5
0 + -1 - (-15 + 12)
2
What is the value of 4 + -3 + (2 - 3) + -3?
-3
What is (-1 - -7) + 27 + -30?
3
What is the value of 0 - ((-2 - 2) + 1 + 8)?
-5
What is the value of -150 + 152 - (-1 + 0 + -1)?
4
What is the value of 2 - (0 - 6 - (0 - 11))?
-3
What is the value of -13 - (4 - 13) - (4 - 4)?
-4
What is the value of 1 - (3 - (4 + -1))?
1
Evaluate -11 - -10 - -9 - (1 + 4).
3
What is 2 - (3 + 0 + 1)?
-2
-1 - (2 - -3 - (-4 + 5))
-5
Calculate (20 + -23 - (-1 + -6)) + -1.
3
Calculate (12 - 4) + -19 + 17.
6
Evaluate -5 - 0 - (-15 - (-8 + 4)).
6
What is 7 - (9 + 1 + 3)?
-6
What is the value of (0 - 1) + (14 - 6) + -6?
1
Evaluate -2 + -4 + (-4 - -12) + -2.
0
Calculate -3 + 0 + 5 + 0.
2
Calculate (1 - (0 + 3 + 1)) + 1.
-2
What is the value of -1 + 4 - (-10 + 8 - -4)?
1
What is the value of (-2 - 1) + 4 + 1 + -3?
-1
What is the value of 10 - -4 - 4 - 16?
-6
What is -4 - (-10 - (2 - 6))?
2
-1 - 1 - (-24 + 25)
-3
What is the value of 9 - (2 - (5 - 7))?
5
1 + (7 - 1 - -1 - 4)
4
Evaluate (5 + 1 - 10) + (6 - 1).
1
Calculate 0 - (-1 - (1 + -5 + 3)).
0
Calculate 5 + 1 - (2 + -4 + 2).
6
Calculate (-1 - -4) + (-10 - -5).
-2
What is the value of 9 + -10 - (-4 - -6)?
-3
Evaluate -2 + -2 + (-46 - -43).
-7
What is (6 - (2 - (-5 - -3))) + -4?
-2
What is 1 - 2 - (-2 - -4)?
-3
-9 - -16 - -4 - 10
1
Evaluate -3 + 1 + (39 - 38).
-1
Calculate 1 - (-3 - 0) - 8.
-4
(-1 - -1) + 2 - (-5 + 3)
4
Evaluate 31 + -14 + -7 - 3.
7
What is 0 + -2 + 14 + -19 + 3?
-4
What is 12 + (4 - 11) - 7?
-2
Evaluate (-21 - -17) + (1 - (-1 - -3)).
-5
((6 - 0) + -7 - -5) + -4
0
Evaluate 0 + 1 - (8 + -5).
-2
Calculate 24 + -10 - (-4 - -19).
-1
Calculate 0 - (2 - 1) - 2.
-3
Calculate -8 + (3 - 13 - -7) + 3.
-8
(0 + 1 - 1 - 3) + 0
-3
What is the value of (3 - -1) + (0 + 0 - 0)?
4
What is -11 + -1 - (-66 + 47)?
7
2 + (6 - 9 - 4)
-5
What is the value of 1 + -4 - (0 - 7)?
4
Calculate (-3 - -5 - -3 - -1) + -12.
-6
Calculate (-5 - -10) + -1 + -1.
3
Calculate 2 + (-17 + 12 - -13).
10
Evaluate 4 + 4 + -3 + -4.
1
Calculate -5 - 0 - (-6 - -6 - 6).
1
What is the value of (-1 - -2) + -3 + -3?
-5
What is (-3 - (3 + -5)) + 3 + -1?
1
Evaluate -5 + 9 - 1 - (4 - 3).
2
Evaluate (0 - 0 - -3 - 2) + -6.
-5
What is 2 - (-4 - -7 - 6 - -2)?
3
Calculate -11 + 11 - 1 - 4.
-5
Evaluate (11 - 10) + 7 - 5.
3
What is (-7 - -6) + (-2 - -2) - -2?
1
What is the value of (-4 - (3 - 5)) + 3?
1
What is -6 + (6 - 3) + (-3 - -3)?
-3
Evaluate (1 - -2) + -3 + (3 - 8).
-5
Evaluate -7 - (-3 + -7 + 3).
0
-8 + 1 + (2 - 6) + 6
-5
What is the value of -5 + (3 - 3) - 0?
-5
100 + -93 - (17 - -1)
-11
-4 - -6 - (-4 + 9)
-3
-1 - -6 - 8 - -10
7
What is 4 - (-7 - -1 - -11)?
-1
What is the value of -2 + 1 + 2 + 3 + -7?
-3
What is -5 - (4 - 1) - -5?
-3
What is 5 - 1 - (7 + -5)?
2
5 + -10 + 7 + -2 + 4
4
Evaluate 1 - (-2 + 0) - -5.
8
9 - (1 - -2) - 3
3
4 + 0 + -4 - 5
-5
Evaluate (3 - (1 + 0 + -3)) + -2.
3
Calculate 33 + -28 + (-4 - (-1 - 1)).
3
2 - 1 - (-8 - -5)
4
Calculate 2 - 8 - 4 - (-11 - -4).
-3
What is the value of 7 + 1 + (5 - -3 - 6)?
10
What is 2 - -1 - 4 - 3 - -2?
-2
What is the value of (1 - 4 - -4) + 4?
5
Evaluate -7 - -14 - 6 - -3.
4
Evaluate -6 + (8 - (3 - -3) - -6).
2
Evaluate 1 - (7 + -2 - 8).
4
What is the value of (5 - (-2 - -1)) + 4 + -8?
2
What is the value of (14 - (-3 + 13)) + 0?
4
What is 5 - (2 + 4 + -15 + 3)?
11
-4 - (-7 - -6 - 0)
-3
Evaluate (-4 - 1) + (3 + 0 - -2).
0
(-4 + 2 - -4) + -7 - -7
2
Calculate -1 - -4 - (7 - 1 - 6).
3
-1 + (-6 - (0 - (-1 + 3)))
-5
Evaluate -2 + (-3 - -4 - 3 - 0).
-4
Calculate 3 + 0 + (0 - 3).
0
What is -2 - (-10 + 4 + 3)?
1
Calculate 3 + (9 - 10 - 9).
-7
Calculate -17 + 6 + 14 - 8.
-5
Evaluate -2 + 3 + (-9 - -5 - -1).
-2
Evaluate (-5 + 9 - 3) + 3.
4
Calculate 2 + 0 - (92 + -90).
0
What is -3 + 6 + -2 + (-9 - 0)?
-8
Calculate 2 - (-1 - -3 - (1 - -1)).
2
7 + -4 + -4 + -2
-3
What is the value of -9 - (-3 + (-19 - -9))?
4
-2 + (-1 + -3 - (7 + -9))
-4
What is -3 + -8 + 5 + 14 - 6?
2
Calculate -6 + 0 + (4 - 0) + 4.
2
What is the value of 8 + 2 - (-67 - -70)?
7
What is the value of (2 - 4) + (-3 - (1 - 1))?
-5
What is -2 - (0 + -3) - (-5 + 8)?
-2
-1 - (4 - (4 - (-2 + 0)))
1
What is the value of 12 - (-12 - -6 - -7 - -3)?
8
What is 5 - (11 - (3 - -2) - -4)?
-5
Calculate 2 + 0 + (11 - 4) + -7.
2
What is -9 - (-9 + 8 - 6)?
-2
What is the value of -2 - -6 - 6 - 2?
-4
What is the value of 5 - -1 - (0 - (-3 + 0))?
3
What is 6 - (2 + (-5 - 1 - -6))?
4
Evaluate 6 + (-13 - (-11 - -5)).
-1
Calculate -5 - (-1 + (3 - 12) + 5).
0
1 - ((-5 - -6) + 3)
-3
What is 2 + -2 - (4 - 3) - 1?
-2
Evaluate (9 - 8) + 5 - (0 - -4).
2
What is 2 + (-2 + -1 - -1) + 5?
5
What is 3 + 10 + -5 + (-4 - -1)?
5
-2 + (11 - -1) - 17
-7
-1 - ((1 - 8) + -14 + 16)
4
2 + (5 + -19 - -7) + -2
-7
Evaluate 0 + -7 - (-3 + -2 - -4).
-6
Calculate 4 + -1 + 7 + 12 + -18.
4
Evaluate 0 - 1 - (8 - 3 - 1).
-5
Calculate -10 - (1 + -4 + -2).
-5
What is the value of (-2 - 3) + 2 + -3 + 1?
-5
3 + (-3 - 0) - (-1 - 5)
6
What is the value of (0 - -4) + (-5 - -1)?
0
(-2 - -3) + (1 - -2)
4
What is the value of 10 - (13 - (4 - 2))?
-1
Evaluate (-2 - 7) + (25 - 15).
1
3 + -3 + 0 + 0 - 1
-1
Calculate -9 + (1 - -9) + -21 + 18.
-2
3 - (8 + -8 + 0)
3
What is the value of -3 + (1 - (-2 + 3))?
-3
-2 - (-3 - (12 + -8) - -7)
-2
Calculate (3 - 3) + -4 - -3.
-1
Calculate 24 + -27 - (-4 + 1).
0
What is the value of (5 - 3 - 5) + 8?
5
Calculate -1 + 6 + (-8 - 1).
-4
Evaluate 30 + (-9 - 4) + -7.
10
What is the value of (-123 - -126) + (4 - 1)?
6
26 + -18 + (-5 - -1)
4
What is the value of 9 + (8 - 11) + 2?
8
Calculate 86 + -85 - (0 - 8).
9
-23 + 21 + (3 - 0)
1
What is (-33 - -31) + (0 - 2)?
-4
Evaluate -1 + -1 - (-2 - 0).
0
What is the value of -63 + 69 - (8 - 0)?
-2
Evaluate (2 + -3 - (-10 + 9)) + -3.
-3
What is (-43 - -46) + (1 - 3) + 2?
3
What is the value of -1 + 9 - (106 - 98)?
0
What is the value of -10 - (-3 - -6 - 8)?
-5
Evaluate -2 - (1 - ((-3 - -5) + -3)).
-4
What is the value of -2 - ((-2 - 2) + 3)?
-1
What is -1 + 10 - (5 + 0)?
4
4 + 1 + (-10 - -7 - -1)
3
Evaluate -55 + 53 + (1 - 0).
-1
Evaluate (-4 - -1) + -5 + (-54 - -64).
2
-7 + 1 + (-7 - 2) + 7
-8
What is -2 - (3 + (3 + -5 - -1))?
-4
(4 + 4 - 13) + (1 - -10)
6
What is the value of 3 + -3 - (1 - 2 - -3)?
-2
Evaluate 2 - -1 - (41 + -40).
2
Evaluate -1 + (-2 - -10) - 3.
4
Calculate -16 + 1 + 14 + -6.
-7
What is (0 - 1) + (46 - 49)?
-4
What is (-30 - -32) + (0 + -4 - 2)?
-4
Evaluate -2 - (-6 - 1) - 5.
0
Evaluate -4 + 5 - (2 - -15 - 11).
-5
1 + (-3 - -2) + 0 + 8
8
What is -9 - (11 + 9 + -32)?
3
Evaluate -2 + 6 - (3 + 3).
-2
6 - (-1 + 3 + (-8 - -7))
5
What is the value of -6 - (-1 + 2 + -7)?
0
(5 - 2) + 8 + -9
2
Calculate (4 - 15) + 3 + 4.
-4
What is -2 - (1 - 4 - -1)?
0
Evaluate (0 - 3 - -4) + -2 + 6.
5
What is the value of (9 - 2) + 0 + 14 + -19?
2
What is the value of -5 + (-6 - -10) + 7 + 2?
8
What is 3 + -7 + 3 + 1 + -1?
-1
What is the value of -7 - -16 - (-2 + 7 + 0)?
4
What is 0 - (6 + -11 - (-3 - -5))?
7
Evaluate -3 + (11 - 5 - (-1 - -7)).
-3
Calculate (-1 + 1 - 4) + 0.
-4
What is the value of -2 + (2 - 1 - -5)?
4
What is -3 + (2 - 3 - -1) - 0?
-3
What is the value of -27 - -30 - (2 + -2)?
3
What is -39 + 36 - (-1 + -7)?
5
Calculate -2 - -9